 6295134?
9
What is the hundreds digit of 37949942?
9
What is the hundreds digit of 2912?
9
What is the hundreds digit of 557990?
9
What is the ten thousands digit of 3687140?
8
What is the hundreds digit of 206651?
6
What is the ten thousands digit of 4710560?
1
What is the tens digit of 4417386?
8
What is the millions digit of 4079677?
4
What is the hundred thousands digit of 2214237?
2
What is the hundreds digit of 1189777?
7
What is the tens digit of 7001480?
8
What is the hundreds digit of 10051973?
9
What is the thousands digit of 557385?
7
What is the tens digit of 106260?
6
What is the tens digit of 755520?
2
What is the hundred thousands digit of 112344?
1
What is the thousands digit of 8329159?
9
What is the hundred thousands digit of 1593658?
5
What is the thousands digit of 138006?
8
What is the hundred thousands digit of 9805802?
8
What is the thousands digit of 194287?
4
What is the hundred thousands digit of 16444489?
4
What is the thousands digit of 74685?
4
What is the ten thousands digit of 3264105?
6
What is the ten thousands digit of 573476?
7
What is the ten millions digit of 23211960?
2
What is the thousands digit of 2956422?
6
What is the hundred thousands digit of 692176?
6
What is the hundred thousands digit of 26318631?
3
What is the hundreds digit of 112841?
8
What is the hundreds digit of 5714443?
4
What is the units digit of 328019?
9
What is the hundreds digit of 8532933?
9
What is the hundreds digit of 212041?
0
What is the units digit of 18076351?
1
What is the hundreds digit of 122085?
0
What is the hundred thousands digit of 115671?
1
What is the ten thousands digit of 990304?
9
What is the thousands digit of 1780211?
0
What is the tens digit of 12646245?
4
What is the tens digit of 104777?
7
What is the ten thousands digit of 2136977?
3
What is the hundreds digit of 138434?
4
What is the hundreds digit of 34824684?
6
What is the hundred thousands digit of 4712690?
7
What is the tens digit of 2237034?
3
What is the units digit of 4196986?
6
What is the hundreds digit of 1161338?
3
What is the thousands digit of 356322?
6
What is the thousands digit of 46961?
6
What is the tens digit of 13513433?
3
What is the millions digit of 1482969?
1
What is the ten thousands digit of 3293531?
9
What is the hundreds digit of 137154?
1
What is the hundred thousands digit of 3416485?
4
What is the ten thousands digit of 385290?
8
What is the ten thousands digit of 24255443?
5
What is the ten millions digit of 30257974?
3
What is the units digit of 242541?
1
What is the hundred thousands digit of 2630777?
6
What is the thousands digit of 283685?
3
What is the thousands digit of 5938475?
8
What is the tens digit of 66138?
3
What is the thousands digit of 1103467?
3
What is the thousands digit of 2662302?
2
What is the units digit of 1121292?
2
What is the units digit of 1265916?
6
What is the hundred thousands digit of 4569338?
5
What is the hundreds digit of 480040?
0
What is the hundreds digit of 838150?
1
What is the tens digit of 24979?
7
What is the hundred thousands digit of 23731826?
7
What is the ten thousands digit of 177261?
7
What is the hundred thousands digit of 1623549?
6
What is the thousands digit of 151891?
1
What is the units digit of 35159?
9
What is the units digit of 539998?
8
What is the units digit of 305630?
0
What is the hundred thousands digit of 279913?
2
What is the tens digit of 2662895?
9
What is the hundred thousands digit of 218417?
2
What is the hundreds digit of 3476102?
1
What is the tens digit of 222285?
8
What is the ten thousands digit of 117889?
1
What is the hundred thousands digit of 259740?
2
What is the ten thousands digit of 245278?
4
What is the tens digit of 638098?
9
What is the ten thousands digit of 65460?
6
What is the millions digit of 1050006?
1
What is the units digit of 4909534?
4
What is the thousands digit of 543765?
3
What is the hundred thousands digit of 1442280?
4
What is the ten thousands digit of 452748?
5
What is the units digit of 115586?
6
What is the hundreds digit of 984013?
0
What is the thousands digit of 206619?
6
What is the thousands digit of 733992?
3
What is the hundreds digit of 3523370?
3
What is the tens digit of 1477017?
1
What is the thousands digit of 9492?
9
What is the ten thousands digit of 188448?
8
What is the ten thousands digit of 817195?
1
What is the tens digit of 7322389?
8
What is the units digit of 26552207?
7
What is the thousands digit of 822650?
2
What is the hundreds digit of 1089573?
5
What is the hundred thousands digit of 3675156?
6
What is the tens digit of 3153857?
5
What is the tens digit of 1096374?
7
What is the hundreds digit of 2007998?
9
What is the hundreds digit of 114649?
6
What is the tens digit of 1130036?
3
What is the thousands digit of 208430?
8
What is the tens digit of 27458087?
8
What is the hundreds digit of 110959?
9
What is the units digit of 102374?
4
What is the hundred thousands digit of 5262831?
2
What is the ten thousands digit of 4863141?
6
What is the millions digit of 1098851?
1
What is the units digit of 214027?
7
What is the millions digit of 4499674?
4
What is the hundreds digit of 4665?
6
What is the thousands digit of 3531550?
1
What is the hundreds digit of 6620?
6
What is the tens digit of 4274855?
5
What is the hundred thousands digit of 14807018?
8
What is the hundred thousands digit of 3929659?
9
What is the hundreds digit of 29278983?
9
What is the tens digit of 11372?
7
What is the hundreds digit of 2191921?
9
What is the ten thousands digit of 101386?
0
What is the thousands digit of 638104?
8
What is the tens digit of 1871283?
8
What is the hundred thousands digit of 1485687?
4
What is the thousands digit of 6189654?
9
What is the millions digit of 6962454?
6
What is the hundred thousands digit of 31239625?
2
What is the tens digit of 7096153?
5
What is the millions digit of 9266683?
9
What is the units digit of 488371?
1
What is the units digit of 208394?
4
What is the ten thousands digit of 159393?
5
What is the hundreds digit of 28920567?
5
What is the thousands digit of 32688802?
8
What is the hundred thousands digit of 585411?
5
What is the ten thousands digit of 393950?
9
What is the millions digit of 5717776?
5
What is the hundreds digit of 1407683?
6
What is the hundreds digit of 262052?
0
What is the hundreds digit of 7907985?
9
What is the thousands digit of 1731776?
1
What is the hundreds digit of 397314?
3
What is the hundred thousands digit of 10057742?
0
What is the thousands digit of 365279?
5
What is the hundred thousands digit of 419464?
4
What is the millions digit of 2474649?
2
What is the ten thousands digit of 8030096?
3
What is the tens digit of 894975?
7
What is the units digit of 105866?
6
What is the thousands digit of 14006697?
6
What is the hundreds digit of 194192?
1
What is the ten thousands digit of 4917307?
1
What is the tens digit of 3385190?
9
What is the tens digit of 1157446?
4
What is the hundreds digit of 9889056?
0
What is the tens digit of 214700?
0
What is the ten millions digit of 19497178?
1
What is the ten millions digit of 29028309?
2
What is the ten thousands digit of 3028730?
2
What is the tens digit of 3261126?
2
What is the hundred thousands digit of 7912933?
9
What is the thousands digit of 5745484?
5
What is the tens digit of 1534797?
9
What is the thousands digit of 18434000?
4
What is the ten thousands digit of 4742306?
4
What is the ten thousands digit of 192778?
9
What is the ten thousands digit of 101461?
0
What is the hundred thousands digit of 152391?
1
What is the units digit of 5837290?
0
What is the hundred thousands digit of 310776?
3
What is the thousands digit of 4160363?
0
What is the tens digit of 154475?
7
What is the thousands digit of 852673?
2
What is the ten thousands digit of 732109?
3
What is the hundred thousands digit of 240242?
2
What is the millions digit of 1887719?
1
What is the ten thousands digit of 931391?
3
What is the hundreds digit of 218145?
1
What is the ten thousands digit of 116776?
1
What is the thousands digit of 13938167?
8
What is the units digit of 952211?
1
What is the units digit of 71227?
7
What is the thousands digit of 261868?
1
What is the hundreds digit of 5366650?
6
What is the hund